omposite?
False
Let k(j) = -2*j**3 - 3*j**2 + 5*j - 3. Let r(s) = s**3 + 2*s**2 + 3*s + 2. Let h be r(-2). Is k(h) prime?
False
Suppose -12*a + 10000 = -16*a. Is 6/(-21) + a/(-28) prime?
True
Let f(c) = -c**3 + c**2. Let l be f(1). Let p = 5 - l. Suppose -3*u + 5*q = -206 + 76, -2*u = -p*q - 95. Is u a prime number?
False
Suppose 3*i + 2*l = 24, 0 = -5*i - 3*l + 2*l + 33. Let g = -3 + i. Suppose -g*w + 2*a + 299 = 0, -w + 105 = -3*a + a. Is w composite?
False
Is (14*-1)/(12/(-30)) a prime number?
False
Let t = -1 - 2. Let n(f) = -7*f + 2. Is n(t) composite?
False
Suppose -i - 8 = 26. Suppose w - 4*z + 28 = 0, -5*w = -3*z - 4 + 110. Let c = w - i. Is c composite?
True
Let c(w) = 7*w**2 + 7*w + 79. Let u(r) be the third derivative of r**5/15 + r**4/6 + 20*r**3/3 - r**2. Let z(f) = 3*c(f) - 5*u(f). Is z(0) composite?
False
Let g be 13/3 - (-4)/6. Let o be 4/2 + g - -2. Let d = 28 - o. Is d a composite number?
False
Suppose -1 = 3*r + 5. Let j(b) = -21*b - 3. Let f(y) = -y. Let l(x) = -3*f(x) + j(x). Is l(r) prime?
False
Let i(g) = 58*g - 2. Let u be i(5). Suppose 4*a - u = 632. Let t = a - 139. Is t a prime number?
False
Let v(g) = 2*g**3 - 2*g**2 + 3*g - 2. Is v(4) prime?
False
Let g(w) = 128*w + 1. Let f be g(-1). Let i be ((-1)/(-2))/(8/(-6720)). Let r = f - i. Is r a composite number?
False
Let k(w) = w**3 - 8*w**2 + 7*w + 3. Let p be k(7). Let q be 2/p*(52 - -2). Let j = q + -2. Is j composite?
True
Let z(l) = 261*l - 1. Let n be z(2). Let j = -344 + n. Suppose 5*r = -62 + j. Is r composite?
False
Let x be (15/(-9))/(-5)*9. Suppose -265 = -4*p + s + 355, 155 = p - x*s. Is p a composite number?
True
Let f = 122 - 53. Is f a composite number?
True
Let x(r) = -r**3 - 7*r**2 - 7*r - 2. Let s be x(-6). Let y(w) = -2 - 6*w + 2*w**2 + 0*w**2 + 4. Is y(s) a prime number?
False
Let n(p) = 4*p**2 - 7*p + 12. Is n(5) prime?
False
Is (-5)/10*(1 - 1403) a prime number?
True
Let b(u) = u**3 + 5*u**2 + 6*u - 1. Let q be b(-5). Let r = 51 + q. Let g = -13 + r. Is g a composite number?
False
Suppose -5*v + 4*h = -207, 0 = 3*v + h + 4*h - 102. Is v a composite number?
True
Let g(a) = -a**3 - 4*a**2 - a - 8. Let o be 56/(-9) - 10/(-45). Let v be g(o). Suppose -3*k = 1 - v. Is k a prime number?
True
Let t be (-1 - -3 - -1)/1. Suppose -t*b + o = -2595, 1026 = 2*b + 2*o - 704. Is b a composite number?
True
Let s = 9 + -8. Let h be 1 + 2 + s + -1. Is 575/h - 2/3 a prime number?
True
Let k = 265 + -127. Suppose 2*h = 0, 3*h - 27 = 4*z + 89. Let f = k + z. Is f a composite number?
False
Let o(x) = 5*x + x**3 - 3*x**2 - 21 + 14 - 3*x**3. Is o(-5) a composite number?
True
Is 4/8*-106*-1 composite?
False
Is 2 + (2 - (-98)/2) prime?
True
Let g(f) = -13 - 12*f + 6*f**2 - f**2 + 2 + 5*f**2 + f**3. Is g(-9) composite?
True
Suppose -2*a + 1979 = 205. Is a prime?
True
Let r be (-4)/8 - 2462/(-4). Suppose -119 = -v + 2*s, v - 6*v = -5*s - r. Is v a composite number?
False
Let r be 2 + (-2 - (10 + -2)). Let z = r - -10. Suppose -4*t - 2 = -5*t, z*m = 4*t + 110. Is m prime?
True
Let x(i) = 42*i**2 - 8*i - 3. Is x(-7) prime?
True
Is 26013/15 - (-4)/5 composite?
True
Let h(y) = y**2 + y. Let n(k) = 4*k**2 + 15*k - 3. Let x(o) = 5*h(o) - n(o). Let i be x(11). Suppose -i = s - 73. Is s composite?
False
Let g(l) = -l**3 - 6*l**2 + 6*l - 6. Let k(c) = -c**3 - 8*c**2 - 7*c - 7. Let d be k(-7). Let w be g(d). Suppose -w = -3*a + 8. Is a a prime number?
True
Suppose -2*z + 840 = -420. Suppose -1 = -y + 4, 5*v = y + z. Is v prime?
True
Is 23/4 + (-4)/(-16) a prime number?
False
Suppose -3*x = -5*x + 706. Is x composite?
False
Suppose 3*k = -2*k - h - 35, -8 = 3*k - 2*h. Let s be (k/5)/((-2)/(-10)). Is (-465)/10*4/s a composite number?
False
Suppose 695 = j + g - 121, -3*j = 4*g - 2453. Is j prime?
True
Let u = 99 + -28. Is u a composite number?
False
Let j(w) = 2*w**3 - w + 1. Let b(s) = s**3 - 7*s**2 + 7*s - 4. Let r be b(6). Is j(r) prime?
False
Suppose 1292 = 5*r + 3*a, -2*r + 5*a + 522 = a. Is r prime?
False
Let h(a) = -a**3 + 9*a**2 - 10*a + 3. Suppose -c + 35 = 4*c. Is h(c) prime?
True
Let w = -338 + 3085. Is w composite?
True
Let a(r) = -7*r + 5 + 3*r**3 + 3 - 2*r**3 + 5*r**2. Let n be a(-6). Suppose -v + n = -0*v. Is v a prime number?
False
Let d = -3 - -5. Let m(f) = 5*f**2 - 2*f + 2. Let u be m(d). Let n = u + -5. Is n prime?
True
Let b = 293 + -138. Is b a prime number?
False
Suppose -224 = 5*m - 734. Let r = 179 - m. Is r a prime number?
False
Let d(f) = -34*f - 5. Let q be d(-4). Suppose 5*m - q = 59. Is m a composite number?
True
Suppose 0*z + 4*f = -4*z - 228, -f = 3*z + 163. Let i = 17 - 11. Is z*(-3)/i*2 a prime number?
True
Let m be 2/(-9) + (-1352)/(-9). Suppose -m - 230 = -4*a. Is a prime?
False
Let x be 1/((-1)/2)*-2. Let l be 4/(x/(-3))*-1. Let c(k) = 6*k**3 - 3*k**2 + 2*k + 2. Is c(l) a composite number?
True
Let v = 6 + -9. Let m = 8 - v. Is m prime?
True
Let j = 4 + -6. Let y(l) be the first derivative of -19*l**2 + l - 1. Is y(j) composite?
True
Suppose 0 = -5*y + 10, -125 + 468 = 3*q + 2*y. Is q prime?
True
Let s(o) = o**3 + 3*o**2 + 10*o - 29. Is s(6) a composite number?
True
Let x(k) = k - 1. Let v(r) = 62*r + 2. Let j(h) = v(h) + 5*x(h). Is j(2) composite?
False
Suppose -3*v + 5*c = -926, -374 = -v + 3*c - 64. Is v composite?
False
Let j = 229 + 70. Is j composite?
True
Suppose 5*g - 911 = -3*x, -x + 4*g = 2*g - 300. Is x composite?
True
Let k = 2956 + -1915. Is k prime?
False
Let n(y) = -y - 7. Let p be n(-7). Suppose 4*w = -3*c + 1603, -w + p*w = -5*c + 2641. Is c a composite number?
True
Let j(t) = t**3 - 2*t**2 + 4. Let l be j(3). Let f = l + 24. Is f composite?
False
Suppose 0 = 3*m - 4 + 103. Let j = m + 90. Is j a prime number?
False
Suppose -5*d + 71 = -94. Is d a prime number?
False
Let h = -5 - 1. Let v be 2/(-6)*h/1. Suppose v*d - 6*d = -76. Is d a prime number?
True
Let d(b) = 5*b - 10. Let w be d(8). Suppose n - 5*p + w - 141 = 0, 651 = 5*n - p. Is n composite?
False
Let y be ((-30)/8)/(-5)*4. Suppose -d + y = -7. Is ((-6)/d)/(1/(-35)) prime?
False
Suppose y + 4*n + 8 = 0, -3*n = -y - n + 10. Suppose -y*h + 5*f + 546 = -0*f, -4*h - 2*f = -560. Is h prime?
True
Let k(g) = 87*g**2 - 3*g + 1. Is k(4) prime?
True
Let a = -301 - -698. Is a prime?
True
Let v be (1/(-3))/((-1)/15). Let y(b) = 1 + 5 - 4*b + b**2 + 0*b. Is y(v) composite?
False
Let r(t) = -53*t + 3. Let u be r(-6). Let c = u + -138. Is c prime?
False
Suppose -5*w + 509 = 3*g + 130, 5*w + g - 383 = 0. Is w composite?
True
Let l = -314 - -441. Is l prime?
True
Suppose 2*g + 5*n - 38 = 0, 10*g - 5*g - n - 41 = 0. Suppose -g*a = -5*a - 388. Is a a composite number?
False
Let c be (-2)/(-4)*2 + 19. Suppose 5*o = -4*v - c, 5*v - 7*o + 3*o = 16. Suppose v*i - 39 = -3*i. Is i a composite number?
False
Let z(u) = u - 8. Let o be z(10). Suppose o*f - 3*f = -785. Is f a composite number?
True
Suppose -2*s + 3*s - 9 = 0. Let p = -4 + s. Suppose 0 = -2*r - 5*k + 42, 0 = -5*r - p*k + 9 + 96. Is r a prime number?
False
Let q be (-3)/(-15)*3*-5. Is ((-1)/q)/(8/3912) composite?
False
Let x(t) = 36*t**2 - 13*t + 3. Is x(4) a prime number?
False
Let a = 1075 + -678. Is a prime?
True
Let m(q) = q - 9. Let r be m(-7). Let a = r + 119. Is a a prime number?
True
Let a(k) be the first derivative of -5*k**4 + k**2/2 - 1. Let d = -17 + 16. Is a(d) composite?
False
Suppose -2*n + 114 = 5*o - 91, 71 = 2*o + 3*n. Is o composite?
False
Let h = 104 - -57. Is h prime?
False
Let d = -467 - -846. Is d prime?
True
Suppose 4*s = -3*u + 943, 3*s + 2*u - 546 - 161 = 0. Is s prime?
False
Let q = 1028 + 369. Is q composite?
True
Let c = 7 - 7. Suppose -3*q + 3*w = 3, 0*w = -2*q - 4*w + 16. Suppose 0 = q*m - c*m - 102. Is m composite?
True
Is (18/(-27))/(-1 + (-3259)/(-3261)) composite?
False
Let k(o) = o**2 - o + 8. Let a be k(0). Suppose -4*g + 52 = -a. Is g composite?
True
Let j be (-13)/(-3 + (-68)/(-23)). Suppose p - 1244 = -4*u - j, -3*u = -4*p - 685. Is u composite?
True
Let f = -84 + 120. Suppose 3*v = 5*m + 112 - f, -6 = 3*m. Is v a prime number?
False
Let j(p) = 1630*p**2 + 10*p - 9. Is j(1) prime?
False
Let c(j) = 78 + j + 161 - 3 + 15. Is c(0) a composite number?
False
Let s = 6750 + -4597. Is s a prime number?
True
Let l be 8/(-8) + 724/(-2). Let g = -124 - l. Is g a composite number?
False
Suppose -5*q + 1521